 y**2 - 4*y + 1. Suppose 0 = -2*a + 5*d + 35, 5*a + 3*d = 2*a. List the prime factors of h(a).
2, 3
What are the prime factors of 5/60*2042 + 2/(-12)?
2, 5, 17
Let i(x) = -x - 3 - 3 + 2. What are the prime factors of i(-7)?
3
Let m(p) = 5*p. Let q be m(1). Suppose 5 = q*a - 65. List the prime factors of a.
2, 7
Let n(j) = -j**2 + 4*j. Suppose -1 = -3*v + 8. Let b be n(v). Suppose t + t - 50 = -5*g, -5*g = -b*t - 50. What are the prime factors of g?
2, 5
Let q = -25 - -48. Suppose -3*d = p - 4, -2*d - 7 + q = 2*p. List the prime factors of p.
2, 5
What are the prime factors of 7/(-21) + 160/3?
53
Suppose 8 = -4*x + 8*x. Suppose 4*o + 5*l - 103 = 42, 92 = x*o - 4*l. List the prime factors of o.
2, 5
Let q = -104 + 27. Let g = q - -54. Let o = -9 - g. What are the prime factors of o?
2, 7
Suppose -4*o + 4 = -0. Let r = 2 + o. What are the prime factors of r?
3
Let h(w) = -3*w**3 + w**2 + 2*w + 1. Suppose 0 = 5*d - d - 12. Suppose -2*g - 6 = 0, 5*g + 16 = -4*p + d*p. List the prime factors of h(p).
3
Suppose v - 151 = -v - i, 5*i = -5*v + 375. Let t = 115 - v. List the prime factors of t.
3, 13
Let t(j) = -j. Let b be t(15). Let l = 26 + b. What are the prime factors of l?
11
Suppose -4*l + 35 = 3*g + 6, 4*l - 5*g = 5. Suppose -l = -4*n + 15. List the prime factors of n.
5
Let b(r) = r + 3. Let g be b(3). Suppose -4*c = -26 + g. List the prime factors of c.
5
Suppose 3*u - 189 - 36 = 0. What are the prime factors of u?
3, 5
Suppose 3*m - m + 4*f = 22, 3*m - 1 = 2*f. Suppose m*v - 85 = u, -v - v = -5*u - 48. Suppose v = 5*p - 6. List the prime factors of p.
7
Suppose 5*i + 15 = -5. Let u(w) = -w**3 - 5*w**2 - 5*w - 6. Let p be u(i). Let f = 5 - p. What are the prime factors of f?
7
Let r(y) = 4*y**2 - 3*y - 3. Let i be r(3). Suppose -2*w + 2 = -i. What are the prime factors of w?
13
Let x(l) = 10*l + 21. What are the prime factors of x(14)?
7, 23
Let c(w) = 2*w**2 + 6*w - 6. List the prime factors of c(-6).
2, 3, 5
Suppose 0*a - 5*a = 0. Suppose 24 = 3*g - a*g. What are the prime factors of g?
2
Let c = -156 + 238. List the prime factors of c.
2, 41
Let m(y) = -11*y**3 - 44*y**2 - 44*y - 9. Let g(w) = 4*w**3 + 15*w**2 + 15*w + 3. Let k(h) = 8*g(h) + 3*m(h). What are the prime factors of k(-11)?
2
Let g(w) = 2*w**2 - 3*w**2 + 0*w**2 + 7*w - 3. Let r be g(6). Suppose 2*x - 23 = -2*f + r*x, 3*f + 2*x - 24 = 0. What are the prime factors of f?
2, 5
Suppose -d = 5*l - 58, 66 = 5*l - 5*d + 2*d. What are the prime factors of l?
2, 3
Let z be 15/(-30) + 93/2. What are the prime factors of z + (1 - -1) - 1?
47
List the prime factors of (-72)/(-42)*7/2.
2, 3
Suppose -2*h = -0*u - 4*u - 364, 0 = -h + 5*u + 176. What are the prime factors of h?
2, 3, 31
List the prime factors of (2 - 146)*(-20)/30.
2, 3
Suppose 92 = 5*s - 103. Suppose 0 = -5*v + s + 26. List the prime factors of v.
13
Suppose -v + 2 = -3*v, v - 1 = 2*o. Let x be o/1 + 1*13. Let l = -10 + x. List the prime factors of l.
2
Suppose 0*o = 2*o. List the prime factors of 6/(o - 9/(-24)).
2
Let v(h) = h**2 + 14*h - 47. What are the prime factors of v(-19)?
2, 3
Let s = -2 - -7. Suppose -s = 5*h - 15. Suppose -3*b + 4*b + h*g = 10, 3*b - 33 = -5*g. What are the prime factors of b?
2
Let h(o) = -o**3 + o + 2. What are the prime factors of h(-2)?
2
Suppose -6 = -2*q + 2. Suppose -5*o + 3*o = -5*t + 7, 2*t - q*o = -10. Suppose 3*l - 4*x = 20, 2*l = l + t*x. What are the prime factors of l?
2, 3
Suppose m + 16 = -5*r, m + 0*r + r = 0. Suppose -p - s + 9 = -0*s, -m*s = p - 12. What are the prime factors of p?
2
Let t(l) = l**2 - 2*l + 5. Let g(j) = -j + 13. Let y be g(9). What are the prime factors of t(y)?
13
Suppose 4*j - 9 = -1. Suppose -j*m + 7*m = 10. Suppose -t + 30 = m*t - 4*g, 4*t + 4*g = 12. What are the prime factors of t?
2, 3
Let j be (4 - 2) + -5 + 61. Suppose o + 38 = 2*w - 2, -3*w + j = -o. List the prime factors of w.
2, 3
Let q be (28/(-3))/(1/(-3)). List the prime factors of (18/(-8) + 3)*q.
3, 7
Suppose -o + 6 + 61 = 2*x, -4*x + 131 = o. List the prime factors of x.
2
Let m(h) = 26*h + 11. What are the prime factors of m(5)?
3, 47
Suppose y - 2*y = -3. Suppose 4*d - y*d - 4 = 0. Suppose -d*h + 61 = -2*j + 7*j, -h + 4 = -j. What are the prime factors of h?
3
Suppose 78 = y - 5*v, -2*v + 414 = 5*y - 3*v. List the prime factors of y.
83
Let h(a) = 15*a - 12 - a**2 - 6*a + 11. Let s be h(9). List the prime factors of 6/(0/(-1) - s).
2, 3
Let b(g) be the third derivative of g**4/12 - g**3/3 + 2*g**2. List the prime factors of b(5).
2
Suppose 0 = -3*g + 2*w - 2 + 12, -5*g = -2*w - 18. Suppose -g*f + 6 = -98. List the prime factors of f.
2, 13
Let b = 40 + 76. What are the prime factors of b?
2, 29
Let l(r) = -r**2 - 3*r - 6. Let k be l(-13). Let j = -86 - k. What are the prime factors of j?
2, 5
Let g(h) = 5 + h - 3 + 4. Let y be g(7). Let w = -6 + y. List the prime factors of w.
7
Let n(v) = v**3 - 13*v**2 + 14*v - 17. List the prime factors of n(12).
7
Let w = 2 + 3. List the prime factors of 10 + w/(10/(-4)).
2
Let d(r) = -19*r - 5. What are the prime factors of d(-5)?
2, 3, 5
Let i(v) = -7*v - 1. Let d(t) = -t + 1. Let a(x) = -5*d(x) + i(x). What are the prime factors of a(-7)?
2
Suppose 0 = 4*z + 23 + 5. Let u = 12 + z. List the prime factors of u.
5
Let m be -2 + (-6)/(-3) + 7. Let j(d) = 2*d + 15. List the prime factors of j(m).
29
Let p(q) = -2*q - 12. Let j be p(-9). Suppose -2*h - h = -j. What are the prime factors of (2 - 2) + (h - -10)?
2, 3
Let g = -116 - -200. Let a = g - 57. List the prime factors of a.
3
Let m(w) be the second derivative of -w**5/20 - w**4/12 + w**3/6 - w**2 - 3*w. List the prime factors of m(-3).
13
Let g = 4 + 4. Suppose -3*u + u + g = 0. Suppose n = u*c - 74, 5*n + 42 - 14 = c. What are the prime factors of c?
2, 3
Let k = -3 - -5. List the prime factors of (-2)/(-2) + (27 - k).
2, 13
Let q(r) = 2*r**2 - 8*r + 21. What are the prime factors of q(11)?
5, 7
Suppose 3*a = -3*q + 699, 11 = -a - 5*q + 264. List the prime factors of a.
2, 3, 19
Let p = 17 + -13. Let n(i) = i**2 - 8*i + 7. Let l be n(7). Suppose l = -m - p*m - 2*u + 88, 5*u + 28 = 3*m. What are the prime factors of m?
2
Let o = 63 + -23. What are the prime factors of o?
2, 5
List the prime factors of (-1164)/(-96) - 1/8.
2, 3
Let k = -5 + -8. Suppose 2*y - 1 + 17 = 0. Let n = y - k. List the prime factors of n.
5
Suppose -3*p + 5*l - 191 = 0, p + 60 = l - 3*l. Let n = -89 - p. List the prime factors of 2/((-6)/n*3).
3
Suppose -3*k = -9 - 0. Suppose 0 = v + k*i - 1, 3*i - 2*i - 19 = -3*v. Suppose 0 = 5*f - 25, -s + f + v = s. List the prime factors of s.
2, 3
Suppose 0*c = 2*c + 96. Let l = 69 + c. What are the prime factors of l?
3, 7
Let c be ((-6)/(-1))/(10 + -8). Let n = c - 0. What are the prime factors of n?
3
Suppose 0 = -3*r - 20 - 22. Let p = -30 - r. What are the prime factors of 1/(-2 + (-33)/p)?
2
Suppose 4*a = a - 66. Let j = -13 - a. What are the prime factors of j?
3
Suppose 0 = 5*a - 3*j - j + 6, 0 = -2*a - 4*j - 8. Let f be (-54)/(-7) + a/(-7). Suppose -d = d - f. What are the prime factors of d?
2
Let t(p) = -p**3 + p**2 + 13*p + 7. Let x(k) = -k**3 + 14*k + 8. Let q(r) = 6*t(r) - 5*x(r). List the prime factors of q(7).
3
Suppose -4*y + 0 + 16 = 0. Let i = -5 + y. What are the prime factors of 3 - 2 - (-3 + i)?
5
Let p be (-1)/2 - 3/(-2). Let h be p + 0 + 1 - 2. Let l(y) = y + 4. What are the prime factors of l(h)?
2
Let w(b) = b + 6. Suppose 9 + 13 = t + 5*k, 0 = t + 4*k - 18. Suppose 1 = -n - t. List the prime factors of w(n).
3
Suppose 4*h + 2*z = 34, 5*h = z + 24 + 15. Suppose o + h = -8. Let b = o + 22. List the prime factors of b.
2, 3
Suppose 107 = -21*n + 22*n. List the prime factors of n.
107
Suppose u + 0*v + 4*v - 4 = 0, -4 = -4*v. Let m = 11 - u. List the prime factors of m.
11
Suppose 2*x + 2*t = 102, -4*x - 3*t + 204 = -8*t. What are the prime factors of x?
3, 17
Let v(l) = 3*l**3 - 4*l**3 + 6*l + 7*l**2 + 2*l**3 + 0*l**3. Let o be v(-6). Suppose o = 3*i, 4*i - 27 - 5 = -4*r. List the prime factors of r.
2
Let t(y) = -y - 2. Let a be t(-7). Suppose 56 = a*m + 6. What are the prime factors of m?
2, 5
Let x(g) = -2*g + 18. List the prime factors of x(-13).
2, 11
Suppose -2*m - 4*k + 4 = 0, -8 = -5*m - 5*k + 12. Let y = m - 3. Suppose -i + y = -3. List the prime fac